001020112
-1074d (base 15) to base 4
-30300301
What is -1033951 (base 10) in base 4?
-3330123133
123131 (base 7) to base 13
a44b
What is -149139 (base 12) in base 15?
-6ce7c
17206457 (base 8) to base 7
46002634
d5dc (base 15) to base 11
30a68
-124d19 (base 14) to base 12
-263663
What is -16a3b0 (base 15) in base 4?
-10023333303
-2356223 (base 8) to base 3
-1012211112201
Convert -31430 (base 16) to base 4.
-301100300
167540 (base 13) to base 12
22b55b
What is -42157 (base 15) in base 13?
-744ca
Convert -191a07 (base 12) to base 13.
-12485b
What is -14a79 (base 11) in base 14?
-7a69
What is -2a74a2 (base 15) in base 8?
-7643215
What is 101201230100 (base 4) in base 6?
242250332
Convert -474524 (base 8) to base 7.
-1243455
What is -213455401 (base 6) in base 7?
-44311015
331746 (base 9) to base 14
5230c
1474a6 (base 12) to base 10
344574
Convert -1a642 (base 15) to base 14.
-23399
-17761750 (base 8) to base 10
-4187112
What is 4611445 (base 7) in base 2?
10001100001111001011
What is -1134136 (base 8) in base 3?
-120201100010
What is 19c8f (base 16) in base 8?
316217
101101111110001110000 (base 2) to base 16
16fc70
What is 46099 (base 10) in base 11?
316a9
Convert -3062030 (base 7) to base 11.
-231590
What is -41358 (base 13) in base 8?
-344435
Convert -4290bb (base 15) to base 3.
-12222000110112
What is -317aa (base 11) in base 16?
-b48d
Convert 58205 (base 13) to base 7.
1236404
What is -4043424 (base 7) in base 9?
-813366
1010101111101101 (base 2) to base 10
44013
1101101000011110110 (base 2) to base 13
128434
Convert -44c965 (base 14) to base 12.
-94a025
Convert -399126 (base 10) to base 8.
-1413426
What is -3432535 (base 6) in base 2?
-101010110111101011
Convert -1327334 (base 12) to base 3.
-21010101010111
Convert -4bba0 (base 15) to base 11.
-156008
-1100200220210 (base 3) to base 7
-6066030
Convert 2b4b70 (base 12) to base 9.
1338283
What is -24b873 (base 12) in base 3?
-1010112012220
What is -18a0c (base 16) in base 4?
-120220030
What is a06ff5 (base 16) in base 15?
dca5b6
What is 5236136 (base 7) in base 11?
3a1255
Convert 8674ba (base 15) to base 16.
61b57a
What is 1212102212001 (base 3) in base 8?
3623027
Convert 1c60b7 (base 15) to base 16.
152b21
314434211 (base 5) to base 16
144147
Convert 1466679 (base 12) to base 14.
792553
What is -1100432230 (base 5) in base 8?
-10776250
34644 (base 12) to base 15
15b41
Convert 168001a (base 13) to base 10.
7283078
Convert 7524680 (base 10) to base 16.
72d148
65001 (base 12) to base 2
100000011111000001
What is -48440 (base 10) in base 2?
-1011110100111000
Convert 700798 (base 12) to base 6.
101205112
Convert -111111110101010110101 (base 2) to base 14.
-3c63d3
What is -1002222110220 (base 3) in base 14?
-1150a9
Convert 211210010011 (base 3) to base 15.
8ccea
Convert -4120010344 (base 5) to base 3.
-120201201220022
Convert -2423885 (base 9) to base 8.
-5010450
Convert 20b95 (base 15) to base 11.
71043
What is -88715 (base 12) in base 3?
-100011220222
What is -37433 (base 11) in base 12?
-27140
What is -110231311 (base 5) in base 6?
-14120413
What is -14336a (base 12) in base 6?
-11122214
db27 (base 14) to base 11
264a1
What is 100210101022 (base 3) in base 14?
5034a
What is 10225300 (base 8) in base 2?
1000010010101011000000
What is 883a2 (base 12) in base 15?
3862b
Convert 411229 (base 10) to base 11.
260a65
What is 110121121200 (base 4) in base 16?
519660
What is -32010020312 (base 4) in base 12?
-12997b2
-b1797 (base 12) to base 15
-48667
What is 33576 (base 11) in base 5?
3023404
Convert -1014020404 (base 5) to base 10.
-2095104
What is -4249983 (base 11) in base 12?
-26088b1
What is -2a723 (base 11) in base 8?
-124710
-1243543 (base 10) to base 2
-100101111100110010111
267514 (base 12) to base 10
634912
-93899 (base 11) to base 12
-67232
Convert 121124424 (base 6) to base 9.
4281557
What is 100102010200111 (base 3) in base 6?
255114104
Convert -31121042 (base 5) to base 14.
-68a82
What is -69a132 (base 11) in base 6?
-35454005
1800506 (base 9) to base 6
33305140
-8235585 (base 10) to base 12
-2911b69
405423112 (base 6) to base 4
122221212110
Convert a8d4 (base 15) to base 14.
d057
What is a4a88 (base 12) in base 16?
34b08
-1740767 (base 8) to base 4
-1330013313
What is -24441332 (base 5) in base 15?
-494cc
Convert -28b793 (base 13) to base 16.
-f34c0
What is 11371310 (base 8) in base 4?
21133023020
-122455243 (base 6) to base 14
-45a3b5
Convert 197387 (base 10) to base 9.
330678
334021 (base 8) to base 15
235a7
Convert -6025433 (base 8) to base 12.
-644737
What is 2025146 (base 10) in base 12?
817b62
Convert -98892 (base 10) to base 12.
-49290
Convert 4ec73 (base 16) to base 2.
1001110110001110011
What is 22441 (base 8) in base 16?
2521
What is a21113 (base 11) in base 2?
110010000101100101010
Convert -1014221304 (base 5) to base 14.
-3c9b9c
What is 2043006 (base 7) in base 13?
87c33
Convert 43137 (base 13) to base 3.
20011001100
13220030101 (base 4) to base 15
29773d
Convert -34130330 (base 5) to base 15.
-5e710
Convert 258240 (base 11) to base 16.
632e1
What is -32b58 (base 12) in base 13?
-24842
What is 2050520 (base 7) in base 13?
888b3
What is -1048c5 (base 16) in base 11?
-669897
Convert 14865 (base 16) to base 6.
1445113
Convert -230032203 (base 5) to base 8.
-3703713
What is 141010444 (base 5) in base 3?
1100112222010
Convert -2314995 (base 10) to base 3.
-11100121120120
Convert 142421421 (base 5) to base 7.
6234545
Convert -14004213 (base 5) to base 15.
-2bc73
1210061 (base 8) to base 2
1010001000000110001
-121464 (base 10) to base 9
-204550
Convert -1101011010010011010 (base 2) to base 11.
-280190
What is 21032332033 (base 4) in base 13?
669a2a
Convert 54d7b (base 15) to base 11.
174671
16516a5 (base 14) to base 5
10300441000
966124 (base 12) to base 16
243b2c
What is 1750024 (base 8) in base 16?
7d014
28707 (base 14) to base 11
69288
What is 343c (base 15) in base 7?
44211
Convert 176461 (base 8) to base 12.
31615
Convert -211011010 (base 4) to base 15.
-30001
1340324133 (base 5) to base 7
41212266
Convert c5d26b (base 14) to base 5.
3202312002
Convert -35306 (base 13) to base 9.
-157268
-101133332 (base 4) to base 6
-1311502
-2042031422 (base 5) to base 6
-231045412
What is 2038583 (base 9) in base 4?
10021311231
Convert 15266 (base 14) to base 11.
36595
Convert -747864 (base 9) to base 15.
-8be81
What is -111db (base 14) in base 9?
-62885
-25b03 (base 12) to base 2
-1100100111110011
-16ea (base 16) to base 8
-13352
What is -10120010222101 (base 3) in base 7?
-22041253
Convert 1394de (base 16) to base 15.
1a537e
What is -5925a4 (base 14) in base 12?
-1028144
Convert -46408 (base 10) to base 14.
-12cac
What is -49424 (base 12) in base 6?
-2042444
What is 310430224 (base 5) in base 11?
793aa0
What is -120201001010 (base 4) in base 5?
-3121123232
What is 31288 (base 11) in base 7?
246631
Convert 23022321 (base 5) to base 10.
204711
Convert -4581786 (base 9) to base 11.
-1440453
608341 (base 11) to base 10
977362
Convert 11102210001202 (base 3) to base 13.
647165
Convert 113433212 (base 5) to base 2.
10000001100000000000
-21102212201 (base 3) to base 12
-708b4
What is -42430 (base 9) in base 5?
-1344203
What is 150002003 (base 6) in base 12?
1046303
-11011100000000110111 (base 2) to base 8
-3340067
What is 432310002 (base 6) in base 11?
4373283
10230022 (base 4) to base 9
28314
Convert -10430212 (base 5) to base 9.
-150861
Convert 5060453 (base 7) to base 12.
250a85
-4b917 (base 12) to base 16
-19363
What is -7145 (base 13) in base 6?
-200125
-18935 (base 13) to base 10
-47702
What is 33444 (base 10) in base 6?
414500
What is 351390 (base 12) in base 16?
d01dc
-72dbc (base 15) to base 14
-96a43
12b72 (base 12) to base 8
62406
6312441 (base 10) to base 15
84a546
What is 11072064 (base 8) in base 12?
972670
6528b (base 12) to base 2
100000100101001011
What is 11320362 (base 7) in base 6?
33205530
-44670 (base 10) to base 16
-ae7e
Convert 2343276 (base 10) to base 9.
4361330
Convert -545132 (base 7) to base 2.
-10111010011000010
Convert -17c743 (base 14) to base 11.
-524a22
5a78b (base 14) to base 4
311331113
Convert -27b726 (base 13) to base 5.
-221433040
Convert 25000 (base 7) to base 9.
8841
Convert 51302200 (base 6) to base 13.
3c622b
Convert -20333231201 (base 4) to base 12.
-